-5)?
12
Let r(v) = -4*v**2 + 2*v + 1. Let z(u) = -5*u + 2. Let d be z(-4). Suppose -s = t - 4*s - 14, d = t - 5*s. Suppose 2*k + 4 = -t*k. What is r(k)?
-5
Let i(r) be the first derivative of -r**4/4 + 2*r**3/3 + r**2 - 2*r + 118. What is i(2)?
2
Let f(o) = o**2 + o. Let m(h) = h**3 + 4*h**2 + 5*h + 4. Let t(u) = -f(u) - m(u). Suppose -8 = n + n. Give t(n).
4
Let c be ((-4)/(-10))/(4/20). Let g(r) = 2*r**2 - 5. Let k be g(c). Let j(v) = -v**3 + 3*v**2 + 2*v + 1. Give j(k).
7
Let t = -4 + -7. Let g = t + 15. Let i(l) = -5 + 5 + g*l - l**2 + 1. What is i(3)?
4
Let y be 2/(-20)*-4*5. Let f(z) = -3 - 1 + z**3 + 3*z - 2 - 2*z**2 + 1 + 4. Calculate f(y).
5
Let i(g) = g**3 + 8*g**2 + 8*g - 6. Let m = 301 + -308. Determine i(m).
-13
Let f be ((-6)/15)/(4/120). Let l be 8/f + (-11)/(-3). Let u(n) = -l*n + 4*n + n + 4 - 9. Calculate u(6).
7
Let d(p) = -3*p - 17. Let g = -391 - -386. Calculate d(g).
-2
Let v be (-3)/(2 - 9/3). Let w(i) = 2 - 5*i + 2*i**2 - 4*i**2 + v*i**2. Let s(f) = -f**2 + 5*f - 2. Let t be s(3). Calculate w(t).
-2
Let j(b) = b**2 - 7*b + 5. Suppose 5*c + 16 = 6. Let z(u) = -2*u**3 - 3*u**2 - 4*u - 2. Let i be z(c). Suppose 0*d - 2*d + i = 0. Give j(d).
-5
Suppose -w = -4*i - 467 - 29, 248 = -2*i + 4*w. Let r be 1/(-5) - i/20. Let b(o) = 2*o - 1. Calculate b(r).
11
Let v(f) be the second derivative of -f**4/12 - 3*f**3 + 19*f**2/2 + 4*f. Let m be v(-19). Let h(z) = -z - 5. What is h(m)?
-5
Let d(i) = -3*i**2 - 14*i + 11. Let c(w) be the second derivative of -w**4/3 - 7*w**3/2 + 8*w**2 - 14*w. Let f(u) = 5*c(u) - 7*d(u). Determine f(5).
-7
Let c(d) = -7*d**2 + 1. Let x(v) = -v**3 - 7*v**2 - 10*v - 1. Let h be x(-5). What is c(h)?
-6
Let z(y) = -7*y**2 - 21*y - 14. Let p(w) = -11*w**2 - 32*w - 21. Let u(m) = 5*p(m) - 8*z(m). Determine u(-5).
-8
Suppose 7*k = 87 - 129. Let j(y) = y**2 + 9*y + 5. Calculate j(k).
-13
Suppose 0 = 4*h - 8*h + t - 11, -10 = 2*h - 2*t. Let r(c) = -8*c + 3. What is r(h)?
19
Let p(m) be the third derivative of -m**6/120 - 7*m**5/60 - m**4/24 - 5*m**3/6 + 161*m**2. Calculate p(-7).
2
Let h(f) = -f**2 - 6*f - 3. Let u be h(-5). Suppose y - 12 = 3*t, 2*y = 3*t + 23 - 8. Let r(v) = 5 - 11 + v**y + 7*v**u + 9. Calculate r(-7).
3
Let k = -2 + 6. Suppose -5*h + k*z = 5*z - 15, 4*h = 4*z - 12. Let b be (0 + 1)*(h + -7). Let c(v) = v + 2. Give c(b).
-3
Let o(z) = z**3 - 4*z**2 - z - 1. Let a = 811 + -809. Calculate o(a).
-11
Let w(j) be the third derivative of 0*j + j**3 - 1/12*j**4 + 0 + 5*j**2. Determine w(-5).
16
Let v(g) = g**3 + 7*g**2 - 8*g - 6. Suppose -5*d = -196 + 21. Suppose -2*p + 1 = -d. Suppose -p - 14 = 4*l. Calculate v(l).
-6
Let r(a) = 7*a - 8. Let u be r(3). Suppose u*f = f + 84. Let h(i) = i**3 - 7*i**2 + 2. What is h(f)?
2
Let i(l) = l**3 - 10*l**2 + 11*l - 12. Let x be (-4 + 0)*(141/12 - 8). Let h be (5 - (-170)/(-25))/(3/x). Determine i(h).
6
Let h(d) be the first derivative of d**5/40 + d**4/12 - 14*d**3/3 + 20. Let t(i) be the third derivative of h(i). What is t(4)?
14
Let p(i) be the third derivative of 0*i - 1/120*i**6 + 1/2*i**3 + 0 + 1/15*i**5 + 15*i**2 + 5/24*i**4. Determine p(5).
3
Suppose 2*h + 2*s - 7*s - 1 = 0, 2*h - 2 = 4*s. Let d(m) = 3 + h*m + 3*m + 0 - 5*m. Let x be d(0). Let z(n) = -2*n**3 + 5*n**2 - 2*n. Calculate z(x).
-15
Let t(z) = -3*z - 3. Let v(u) = -8*u - 6. Let d(q) = 5*t(q) - 2*v(q). Calculate d(-6).
-9
Let b(a) = a - 6. Let v be (-53)/11 + (-5 - (-371)/77). Let i(p) = -2*p + 11. Let u(g) = v*b(g) - 3*i(g). Determine u(5).
2
Suppose -2*v + 5*j - 27 = -4*v, -5 = -j. Let n(k) be the second derivative of -3*k**5/10 - k**4/6 + k**3/3 - k**2/2 + 34*k. Determine n(v).
-7
Let w(v) = v + 6. Let f = -53 + 77. Let n = f - 27. Determine w(n).
3
Let t(p) = -21 - 2*p + 70*p**2 - 6*p**3 - 56*p**2 + 7*p**3. What is t(-14)?
7
Let g(c) = 272 + 278 - c + 2*c**3 - 551. What is g(-1)?
-2
Let c(o) = o - 7. Let r(p) = p**2 + 17*p + 20. Let t be r(-16). Give c(t).
-3
Let h(n) = 74*n + 9 + 5 - 10*n**2 - 75*n + n**3. Determine h(10).
4
Let w(n) = n**3 + 5*n**2 + 3*n. Let a = 127 - 131. Calculate w(a).
4
Let d(o) = -10*o + 22*o - 10*o - 2. Give d(-6).
-14
Let y(c) be the third derivative of -c**4/12 - c**3 + 8*c**2. Suppose -4*o + f - 43 = -18, 0 = -o - 5*f - 1. Let a be 1/(1/o) - -2. Calculate y(a).
2
Suppose -58 + 3 = -5*t. Suppose -5*x + 4*g - 2 = 0, -4*g = x - g - t. Let s(p) = 6*p + 2*p - p - 5*p - x. What is s(2)?
2
Let b(w) = -2*w**2 - 21*w + 11. Let f(a) = 3*a**2 + 24*a - 12. Let o(r) = -4*b(r) - 3*f(r). Give o(9).
19
Suppose -2*r = -u + 7, 0 = 3*r - 0*u - u + 10. Let z(f) = -5*f**2 - f - 2. Let d(l) = -4*l**2 - l - 2. Let c(j) = r*z(j) + 4*d(j). Calculate c(-4).
-14
Suppose 0 = 4*u + 42 + 10. Let k(j) = 2*j + 27. Let a be k(u). Let z(h) = -h**2 - 17. Let c(b) = 6. Let t(q) = 17*c(q) + 6*z(q). Calculate t(a).
-6
Let l(f) = -3*f**3 - f**2. Let o be l(1). Let c be 2/o*2 + 6. Let p be c/(1 + 6/(-3)). Let w(q) = -q**2 - 5*q - 4. Calculate w(p).
-4
Let l(r) be the second derivative of -2*r**2 - 4*r + 0 + 2/3*r**3. Determine l(3).
8
Let m(z) = -3*z. Let a(q) = q. Let y(s) = -2*s. Let h(c) = -a(c) - y(c). Let t(p) = 2*h(p) + m(p). Give t(-8).
8
Let x(m) = -3*m. Let g(k) = -k**2 + 7*k + 32. Let f be g(-3). Determine x(f).
-6
Suppose -3*g - g = 2*i + 4, i - 1 = -5*g. Let j(n) be the first derivative of -1/4*n**4 - 3 - n**3 + n + 3*n**2. Give j(i).
-7
Let l(z) be the second derivative of -z**8/6720 + z**7/630 - z**6/360 - z**5/60 - 19*z**4/12 - 17*z. Let v(c) be the third derivative of l(c). Calculate v(2).
2
Suppose -80 = 2*i + 2*i. Let g = i - -25. Let h(s) = 8 - 2 - g - 2*s + 5. Calculate h(4).
-2
Let u(q) = q - 9. Let c = 160 + -155. Calculate u(c).
-4
Let f be (-864)/(-1920) + 4/(-10). Let m(o) be the second derivative of 1/6*o**3 + 8*o + f*o**5 + 0 - 1/3*o**4 + 0*o**2. What is m(4)?
4
Let q = -24 - -36. Suppose q*f = 10*f. Let r(c) = -2 + f - 2*c**3 - 2 - 4*c**2. Give r(-3).
14
Let o be (-1 + 3)*(4 - 2). Let m(z) be the first derivative of -z**4/4 + z**3 + 2*z**2 - 390. What is m(o)?
0
Let g(s) = 5*s**3 - 6*s. Let y(k) = -6*k**3 - k**2 + 7*k + 1. Let x(c) = -5*g(c) - 4*y(c). Let v be (34/(-30) - -1) + (-235)/(-75). What is x(v)?
11
Let s be -5 + 3 - 8 - -1. Let d = s + 14. Let o(l) = -11*l + 1 + 2*l + 16*l - 2*l**2. What is o(d)?
-14
Let m(n) = n - 16. Let w be 24/(-6)*2 - 3. Give m(w).
-27
Let h(j) be the third derivative of -j**6/120 - j**5/10 + 11*j**4/24 + 4*j**3/3 - 25*j**2. Calculate h(-7).
-20
Suppose 0 = -4*k + b + 17 + 4, 0 = -2*k + 5*b - 3. Let d be (-2)/(k/(-23)) + 3/9. Let a(s) = s**3 - 7*s**2 - 6*s - 7. What is a(d)?
9
Suppose 0 = n + 4*u - 12, 4*n - 4*u - 12 = -2*u. Let s(w) be the third derivative of 0*w + 1/6*w**3 + 0 + 1/24*w**n + 5*w**2. Determine s(-2).
-1
Let d(k) = -3*k - 2. Let s(x) = 10*x + 7. Let w(z) = -3*d(z) - s(z). Give w(-4).
3
Let n(t) = -145*t + 116*t + 49 - t**2 - 16. Let u be n(-30). Let d(r) = r**2 - 3*r + 1. What is d(u)?
1
Suppose 5*k - 2 = 3*l, -86*l + 6 = -84*l + 4*k. Let u(y) = -19*y + 3. Give u(l).
-16
Let p be -2 + 1 + 7 + -1. Let b = -24 + 26. Let h(o) = 2*o - 3*o**2 + 2*o - o + 2*o**b. Calculate h(p).
-10
Let g = 128 - 124. Let w(f) = -2*f + 3. Determine w(g).
-5
Let y(q) be the third derivative of q**8/20160 + q**7/1008 + q**6/240 + q**5/60 + q**2. Let v(t) be the third derivative of y(t). Let w = 133 - 136. Give v(w).
-3
Let y(q) = 3*q + 4. Let h(d) = -2*d - 2. Let z be h(-2). Let u(i) = 7 + 8 + 8*i - 1 - z. Let r(c) = -4*u(c) + 11*y(c). Determine r(-3).
-7
Let n = -1087 - -1084. Let i(l) = 2*l**3 + l**2 - 3*l + 1. What is i(n)?
-35
Let j(w) = -6*w**2 - 4*w + 13. Let s(y) = -4*y**2 - 3*y + 9. Let v(c) = 5*j(c) - 7*s(c). Suppose i = -5*n + 12, -n - 6 = 2*i + i. Let q = 5 - n. What is v(q)?
-4
Let i(l) = -12*l - 55. Let s be i(-5). Let p(h) = h**2 - 4*h - 5. Let t be p(5). Let d(j) = 0*j - 1 - j + t*j. Give d(s).
-6
Let d(x) = -2 - 270*x + 4 + 3 + 1 + 271*x. Calculate d(-9).
-3
Let c(v) = -v**2 - 6*v + 10. Suppose -378 = 4*j + 50*j. Give c(j).
3
Let j = -43 + 37. Let s = 5 + j. Let w(o) = -7*o**3 - o**2 - o. Calculate w(s).
7
Let o(y) = 2*y**2 + 4*y + 27. Let s(c) = -c**2 - 3*c - 13. Let w(h) = 2*o(h) + 5*s(h). Calculate w(-9).
-29
Let i(x) = 20*x**3 + 37*x**2 - 3*x - 3. Let g(s) = 7*s**3 + 13*s**2 - s - 1. Let h(v) = -17*g(v) + 6*i(v). Calculate h(2